{"id":1774,"date":"2021-11-08T10:35:24","date_gmt":"2021-11-08T10:35:24","guid":{"rendered":"https:\/\/www.biltemak.com\/?page_id=1774"},"modified":"2022-02-04T07:36:12","modified_gmt":"2022-02-04T07:36:12","slug":"komple-sistem-entegrasyonu","status":"publish","type":"page","link":"https:\/\/www.biltemak.com\/?page_id=1774","title":{"rendered":"Teknik Servis"},"content":{"rendered":"\n<figure class=\"wp-block-image size-large\"><img decoding=\"async\" loading=\"lazy\" width=\"968\" height=\"421\" src=\"https:\/\/www.biltemak.com\/wp-content\/uploads\/2022\/02\/image-13.png\" alt=\"\" class=\"wp-image-2076\" srcset=\"https:\/\/www.biltemak.com\/wp-content\/uploads\/2022\/02\/image-13.png 968w, https:\/\/www.biltemak.com\/wp-content\/uploads\/2022\/02\/image-13-300x130.png 300w, https:\/\/www.biltemak.com\/wp-content\/uploads\/2022\/02\/image-13-768x334.png 768w, https:\/\/www.biltemak.com\/wp-content\/uploads\/2022\/02\/image-13-600x261.png 600w\" sizes=\"(max-width: 968px) 100vw, 968px\" \/><\/figure>\n\n\n\n<p>Firmam\u0131z b\u00fcnyesinde konusunda uzman ki\u015filerden olu\u015fmu\u015f teknik servis kadrosu bulunmaktad\u0131r.<\/p>\n\n\n\n<p>Teknik servisimiz sat\u0131\u015f\u0131 firmam\u0131zca yap\u0131lm\u0131\u015f olan \u00fcr\u00fcnlerle ilgili ortaya \u00e7\u0131kabilecek ar\u0131za ve sorunlara yerinde servis anlay\u0131\u015f\u0131yla m\u00fcdahale etmektedir.<\/p>\n\n\n\n<p>Teknik servisimiz Garanti s\u00fcresince cihazlara koruyucu bak\u0131m uygulamalar\u0131 yapmaktad\u0131r.<\/p>\n\n\n\n<p>Firmam\u0131z garanti s\u00fcreleri biten cihazlarla ilgili, m\u00fc\u015fterilerimiz ile teknik servis bak\u0131m ve onar\u0131m s\u00f6zle\u015fmeleri yapmaktad\u0131r. Koruyucu nitelikteki bak\u0131m ve onar\u0131m hizmetleri cihaz hizmet s\u00fcrelerini ve cihaz performanslar\u0131n\u0131 maksimum seviyeye getirmektedir. Bak\u0131m ve onar\u0131m s\u00f6zle\u015fmesi yap\u0131lm\u0131\u015f olan m\u00fc\u015fterilerimize teknik ekibimiz \u00f6nceden belirlenmi\u015f s\u00fcrelerle periyodik olarak ziyaret eder ve bak\u0131m, onar\u0131m hizmetlerini \u00fcr\u00fcn\u00fcn kullan\u0131m yerinde ger\u00e7ekle\u015ftirir.<\/p>\n\n\n\n<p>Bilgisayar hayat\u0131m\u0131z\u0131n reddedilmez ger\u00e7e\u011fi, tabii problemleriyle birlikte. Teknik servis hizmeti kurumunuzun s\u00fcreklili\u011fini sa\u011flamak, bilgilerinizi g\u00fcvenli\u011finden sorumlu, her t\u00fcrl\u00fc ihtiyac\u0131n\u0131z\u0131 an\u0131nda kar\u015f\u0131lamak amac\u0131yla faaliyet g\u00f6sterir.<\/p>\n\n\n\n<p>Her ailenin bir doktoru olmas\u0131 gerekti\u011fi gibi, her firman\u0131n da bir BT dan\u0131\u015fman\u0131na ihtiyac\u0131 vard\u0131r. S\u00fcrekli de\u011fi\u015ftirilen Teknik Servis firmas\u0131, ucuza al\u0131nmak istenen hizmet ile asl\u0131nda KAR de\u011fil ZARAR edilmektedir. Sertifikasyonu tam, deneyimli personeli olan firmalardan bu hizmeti ald\u0131\u011f\u0131n\u0131z takdirde bili\u015fim sekt\u00f6r\u00fcn\u00fcn etik ilkelerine ba\u011fl\u0131 kaliteli hizmet alm\u0131\u015f olursunuz.<\/p>\n\n\n\n<h4 class=\"wp-block-heading\"><strong>Teknik Servis Hizmeti ve Y\u0131ll\u0131k Bak\u0131m Anla\u015fmas\u0131<\/strong><\/h4>\n\n\n\n<ul><li>Ticari i\u015fletmeler i\u00e7in, bilgisayarlardan kaynaklanan en ufak bir sorun hem personelin vakit kayb\u0131na, hem ticari zararlara sebebiyet vermektedir. Sorun meydana geldikten sonra \u00e7\u00f6z\u00fcm bulmaya de\u011fil, sorunun meydana gelmesini engellemeye \u00e7al\u0131\u015fmak gerekmektedir.<\/li><li>Bunun en ge\u00e7erli ve ekonomik yolu Bak\u0131m Anla\u015fmas\u0131ndan ge\u00e7mektedir.<\/li><li>Bak\u0131m anla\u015fmalar\u0131 yapt\u0131\u011f\u0131m\u0131z firmalar\u0131m\u0131z referanslar\u0131m\u0131zd\u0131r. Bilgi almak isterseniz&nbsp;<a href=\"mailto:info@biltemak.com\">info@biltemak.com<\/a>&nbsp;adresine mail ile ula\u015farak referans bilgisi talep edebilirsiniz.<\/li><\/ul>\n\n\n\n<h4 class=\"wp-block-heading\"><strong>Network ve Sistem Kurulumu<\/strong><\/h4>\n\n\n\n<ul><li>WIT \/ D\u00fcnya Bili\u015fim Teknolojileri, \u015firketiniz i\u00e7in a\u011f kurulumu altyap\u0131s\u0131n\u0131 haz\u0131rlay\u0131p, a\u011f g\u00fcvenli\u011finizi sa\u011flayarak i\u015f devaml\u0131l\u0131\u011f\u0131n\u0131z\u0131 g\u00fcvence alt\u0131na al\u0131yor.<\/li><li>\u015eirketinizin A\u011f kurulumu s\u0131ras\u0131nda size \u00f6zel \u00e7\u00f6z\u00fcmleri ve gereksinimleri belirleyip, \u015firketiniz i\u00e7in en verimli ve ekonomik \u00e7\u00f6z\u00fcmleri size sunuyoruz.<\/li><li>LAN\/WAN \u00e7\u00f6z\u00fcmlerinde uzman \u00e7\u00f6z\u00fcm ortaklar\u0131yla birlikte \u00e7al\u0131\u015fan WIT altyap\u0131n\u0131z\u0131 gelece\u011fe ta\u015f\u0131yacak \u00e7\u00f6z\u00fcmleriyle sisteminizi kuruyor.<\/li><\/ul>\n\n\n\n<h4 class=\"wp-block-heading\"><strong>Eleman Bulundurma ve Yerinde Bak\u0131m Hizmeti<\/strong><\/h4>\n\n\n\n<ul><li>M\u00fc\u015fteriden gelen talep do\u011frultusunda istenilen zaman i\u00e7erisinde teknik elemanlar\u0131m\u0131z g\u00fcnl\u00fck\/haftal\u0131k\/ayl\u0131k\/y\u0131ll\u0131k s\u00fcreler dahilinde m\u00fc\u015fteri de konumland\u0131r\u0131l\u0131r.<\/li><li>D\u0131\u015f destek eleman\u0131 kullan\u0131c\u0131lar\u0131n g\u00fcn i\u00e7erinde ya\u015fad\u0131klar\u0131 problemlerin \u00e7\u00f6z\u00fcm\u00fc ve iki firma aras\u0131ndaki i\u015f ak\u0131\u015f\u0131n\u0131 sa\u011flayacak.<\/li><li>Destek elemanlar\u0131m\u0131z firmam\u0131z taraf\u0131ndan e\u011fitilmi\u015f, teknik alt yap\u0131 konusunda yeterlilik kazand\u0131racak e\u011fitimler alm\u0131\u015f meslek y\u00fcksek okulu ve\/veya meslek lisesi mezunu teknik elemanlardan olu\u015fur.<\/li><\/ul>\n","protected":false},"excerpt":{"rendered":"Firmam\u0131z b\u00fcnyesinde konusunda uzman ki\u015filerden olu\u015fmu\u015f teknik servis kadrosu bulunmaktad\u0131r. Teknik servisimiz sat\u0131\u015f\u0131 firmam\u0131zca yap\u0131lm\u0131\u015f olan \u00fcr\u00fcnlerle ilgili ortaya \u00e7\u0131kabilecek ar\u0131za ve sorunlara yerinde servis anlay\u0131\u015f\u0131yla m\u00fcdahale etmektedir. Teknik servisimiz Garanti s\u00fcresince cihazlara koruyucu bak\u0131m uygulamalar\u0131 yapmaktad\u0131r. Firmam\u0131z garanti s\u00fcreleri biten cihazlarla ilgili, m\u00fc\u015fterilerimiz ile teknik servis bak\u0131m ve onar\u0131m s\u00f6zle\u015fmeleri yapmaktad\u0131r. Koruyucu nitelikteki bak\u0131m&#8230;","protected":false},"author":1,"featured_media":0,"parent":0,"menu_order":0,"comment_status":"closed","ping_status":"closed","template":"","meta":[],"_links":{"self":[{"href":"https:\/\/www.biltemak.com\/index.php?rest_route=\/wp\/v2\/pages\/1774"}],"collection":[{"href":"https:\/\/www.biltemak.com\/index.php?rest_route=\/wp\/v2\/pages"}],"about":[{"href":"https:\/\/www.biltemak.com\/index.php?rest_route=\/wp\/v2\/types\/page"}],"author":[{"embeddable":true,"href":"https:\/\/www.biltemak.com\/index.php?rest_route=\/wp\/v2\/users\/1"}],"replies":[{"embeddable":true,"href":"https:\/\/www.biltemak.com\/index.php?rest_route=%2Fwp%2Fv2%2Fcomments&post=1774"}],"version-history":[{"count":3,"href":"https:\/\/www.biltemak.com\/index.php?rest_route=\/wp\/v2\/pages\/1774\/revisions"}],"predecessor-version":[{"id":2078,"href":"https:\/\/www.biltemak.com\/index.php?rest_route=\/wp\/v2\/pages\/1774\/revisions\/2078"}],"wp:attachment":[{"href":"https:\/\/www.biltemak.com\/index.php?rest_route=%2Fwp%2Fv2%2Fmedia&parent=1774"}],"curies":[{"name":"wp","href":"https:\/\/api.w.org\/{rel}","templated":true}]}}